2))/(3/4).
28
Let d(t) = -t**2 + 146*t - 1473. What is the remainder when 107 is divided by d(135)?
11
Suppose 215*t = -31*t + 1722. What is the remainder when 1146 is divided by t?
5
Let k be -5 + 1/(-2) + 10/(-4). Let n(c) be the third derivative of -17*c**4/24 - 37*c**3/6 + 7*c**2 + 4*c. What is the remainder when n(k) is divided by 21?
15
Let i(q) = 2*q**2 + 154*q - 118. What is the remainder when 787 is divided by i(-78)?
27
Let i = -2 + -98. Let u = i - -101. What is the remainder when 4 is divided by u?
0
Let d(z) = -z**3 + 6*z**2 + 148*z - 38. What is the remainder when 428 is divided by d(-11)?
37
Let u = -7700 + 7803. What is the remainder when 249 is divided by u?
43
Let d(r) = 3*r - 1. Let i be d(2). Suppose a + 5 = -2*u + 21, 34 = i*u + a. Calculate the remainder when u is divided by 4.
2
Let d = 5655 - 4282. Calculate the remainder when d is divided by 25.
23
Suppose 19 = 10*w - 31. What is the remainder when ((-10)/w - -4)*(16 - -7) is divided by 17?
12
Suppose 2*b - 44 = 6*b. Let k be (-4)/1 - 1/(1194/(-240) + 5). Let z = b - k. What is the remainder when z is divided by 21?
12
What is the remainder when (-9 + -5)/((-12)/(-2604)*-1) is divided by 74?
4
Suppose 15*b - 29*b = 10570. Let w = -751 - b. What is the remainder when 70 is divided by w?
2
Let m(l) = 4*l - 7. Let z = 274 + -265. Calculate the remainder when m(z) is divided by 8/((6/3)/2).
5
Let j = 8937 + -8668. Calculate the remainder when j is divided by 55.
49
Let s(n) = 2*n**2 - 23*n - 242. What is the remainder when 1/(-2) - (-125)/2 is divided by s(-7)?
11
Suppose 75 = -h + 6*h. Let d(j) be the first derivative of j**3/3 - 11*j**2/2 - 27*j - 73. What is the remainder when d(h) is divided by 19?
14
Suppose 13050 + 1542 = -10*u + 86*u. Calculate the remainder when 575 is divided by u.
191
Let f = -1471 - -2969. Calculate the remainder when f is divided by 79.
76
Suppose -5*t - 3*w + 80 = 0, -w + 4*w - 41 = -2*t. Let q(g) = 18*g - 5. Calculate the remainder when q(3) is divided by t.
10
Suppose -4*a = 2*i - 124, 4*a + 76 = 2*i - 0*i. What is the remainder when 807 is divided by i?
7
Suppose 1444 = 32*u + 824 - 980. What is the remainder when 7345 is divided by u?
45
Let s = 3 + 4. Let j = -333 - -484. Let g = 163 - j. Calculate the remainder when g is divided by s.
5
Let w be (-2 - -4) + -2 + 0. Suppose -3*d + 28 = -2*p, w = 4*d + 4*p - 5 + 1. Suppose 6*t = -6 + 246. What is the remainder when t is divided by d?
4
Let y(p) = -p**2 - 6*p - 4. Let o be y(-5). Calculate the remainder when ((-1156)/(-14))/o + (-8)/14 is divided by (-4 - -10)/((-6)/(-28)).
26
Suppose -398 = 170*u - 172*u. Suppose 13*i - u = 9. Suppose -4*c = -3*h - 109 + i, -3*c + 48 = 5*h. Calculate the remainder when 188 is divided by c.
20
What is the remainder when 557 is divided by (68/(-1))/4*2530/(-230)?
183
Let t = 16 - 9. Let c(i) = 74*i - 29*i - 46*i + 20. What is the remainder when 77 is divided by c(t)?
12
Let p(g) be the third derivative of 1/10*g**5 + 26*g**2 - 1/120*g**6 - 1/6*g**4 + 0 + 1/2*g**3 + 0*g. What is the remainder when 20 is divided by p(5)?
4
Let s = 16 + -12. Suppose -z - 2*p + 1 = -s, -4*z - p = -13. What is the remainder when 46 is divided by -8*(12/8 - z)?
10
Let t = 32579 - 32472. What is the remainder when 3527 is divided by t?
103
Suppose -10503 = -196*i + 2906 + 12463. What is the remainder when 583 is divided by i?
55
Let f = -19 - -59. Suppose 16*q + 1805 = 35*q. What is the remainder when q is divided by f?
15
Suppose 0 = 12*c - 28*c - 12*c. Suppose c = -30*k - 0*k + 9600. What is the remainder when k is divided by 46?
44
Suppose -8*l + 93585 - 44681 = 0. Calculate the remainder when l is divided by 45.
38
What is the remainder when 242 is divided by ((-78900)/(-672) - (-2)/(-16)) + (-12)/42?
8
Suppose -297*u = -268*u - 290. Let o(s) = 5*s + 3. Let p be o(3). Calculate the remainder when -1 + 7/(7/p) is divided by u.
7
Suppose -14*r = -38 + 318. What is the remainder when 17 is divided by (-3 + (-8)/(-2))/((-5)/r)?
1
Let q(x) = 5*x**2 - 10*x - 9. Let f(t) = 9*t**2 - 20*t - 19. Let d(w) = -4*f(w) + 7*q(w). Calculate the remainder when 10 is divided by d(11).
0
Suppose 4*v = -2*r - 4, -4 + 2 = 5*v + r. Suppose -7*q + 94 + 326 = v. Let m = 87 - q. What is the remainder when m is divided by 15?
12
What is the remainder when 1726 is divided by ((-1314)/(-54))/(17/204)?
266
Let v(d) = -12*d + 91. Calculate the remainder when v(-8) is divided by 13.
5
Let s = 14714 - 14679. Suppose 36 = 2*o + 2*u, -6*u + 4*u - 34 = -3*o. What is the remainder when s is divided by o?
7
Let c = 341 - 146. Let x = 215 - c. What is the remainder when 79 is divided by x?
19
Let a(q) = -2*q**3 + 15*q**2 - q - 29. Suppose -15 = 8*f + 153. Let g be f/12*4/(-1). Calculate the remainder when 115 is divided by a(g).
11
Suppose -7*y - 998 = -12*y - 3*a, 4*y - 4*a = 760. Calculate the remainder when 633 is divided by y.
45
Let z(n) = -2*n**3 - 41*n**2 + 117*n + 2059. Suppose 93 + 77 = 5*y. What is the remainder when z(-21) is divided by y?
9
Calculate the remainder when 752 is divided by 37 - (4/8)/((-4 + 8)/(-40)).
38
Suppose -5*r - y = -884, 3*y - 8*y + 548 = 3*r. Suppose 5*t = 9*t - r. What is the remainder when t is divided by 8?
4
Let r(p) = p**3 - 5*p**2 + 3*p. Let t be r(3). Let o(m) = 3*m**2 + 11*m - 10. Let u = -8525 + 8570. What is the remainder when o(t) is divided by u?
44
Let r(w) = -4*w + 62*w**2 - 125*w**2 - 6 - 6*w**3 + 61*w**2 + 3 - 4*w**3. Suppose 2*k - g + 4 = -0*g, -g = 0. What is the remainder when r(k) is divided by 13?
12
Suppose 3*q + 292 = 8*q + 4*f, 4*f - 112 = -2*q. Suppose -12*t + 2*t + q = 0. Let x(n) = 3*n**2 - 10*n + 34. Calculate the remainder when x(t) is divided by 21.
19
What is the remainder when 1059 is divided by ((-68)/(-12) + -1)*5244/161?
147
Let l be ((-21)/(-6) - 5/(-2)) + 6. What is the remainder when 6 - l/(-6) - -304 is divided by 80?
72
Suppose 2*g - 32 = -5*r + 6, 4*r + 2 = 2*g. Suppose g*v = v + 184. Calculate the remainder when 112 is divided by v.
20
Suppose -4*h + 3*d + 272 = 0, 0 = -3*h - 0*h + 4*d + 204. Suppose 0 = -5*i - 3*o + 85, -2*o + 62 = 3*i + 2*o. What is the remainder when h is divided by i?
12
Let u(l) = 464*l - 11590. Let p(o) = -3*o. Let v be p(-3). Let i(j) = -j**3 + 9*j**2 + j + 6. Calculate the remainder when i(v) is divided by u(25).
5
Suppose -2*h - u = -33, -2*h + 51 - 3 = -2*u. Suppose 3*t + 33 = 5*r, -4*t = -6*r + 52 - 12. Calculate the remainder when h is divided by r.
1
Suppose -34*x = 26*n - 30*n - 372, -15 = n - 2*x. Let t be ((-1)/3)/((-1)/15). Suppose -t*l = -5 - 10. Calculate the remainder when n is divided by l.
0
Let q(l) = -34*l + 8. Suppose 8 + 20 = -7*k. Let n be q(k). Suppose 3*h = 9*h - n. What is the remainder when 70 is divided by h?
22
Let m(v) = v**3 - 22*v**2 - 285*v + 194. What is the remainder when 1113 is divided by m(31)?
1
Suppose 4*v = -u - 2062 + 7063, 0 = 4*v + 2*u - 5006. What is the remainder when v is divided by 620?
9
Let b = 484 - 706. Let z = b - -237. What is the remainder when 116 is divided by z?
11
Suppose 5*y = -o - 2*o - 61, -o = y + 19. Let r = 8 - o. Suppose 5*k - 14 = -4*u + 72, k + 4*u - 46 = 0. What is the remainder when r is divided by k?
5
Suppose -6 - 126 = -4*l. What is the remainder when l/((2 - 1)*(-3)/(-21)) is divided by 39?
36
Suppose -5*t + 8 = -7. Suppose k = -t*k - 3*m + 27, 3*m = -3*k + 24. What is the remainder when 155/3 - (-4)/k is divided by 28?
25
Suppose 2*q + 4*g + 24 = 0, -10*q + 8*q - 12 = g. Calculate the remainder when ((-10702)/(-8) - -5) + q/(-16) is divided by 21.
20
Let x be (-15)/(-10)*176/(-3). What is the remainder when 123 is divided by (-40)/50*(x - -3)?
55
Let s = -434 - -731. Suppose 0 = o + 5*d - s, -2*o + 3*d - 6*d + 594 = 0. What is the remainder when o is divided by 174/(-3)*-1 + 2?
57
What is the remainder when 514 is divided by (13 + -4)/(-9) - -175?
166
Let s = -10074 - -10458. Calculate the remainder when s is divided by 14.
6
Suppose 4*v - 155 = -4*c + 41, 0 = 3*v - 3*c - 141. Calculate the remainder when -1 - (-148 - (0 - 0)) is divided by v.
3
Suppose -2*t = 3*g - 677, 908 = 3*g + g + 4*t. Suppose g*o + 150 = 228*o. Calculate the remainder when 328 is divided by o.
28
Suppose -109 = -4*s + 232*x - 235*x, 51 = 2*s + 5*x. Calculate the remai